i - i - 32 = 0, 2*x + i = -69. Let r = x - -56. List the prime factors of r.
2, 11
Let a(f) = 7*f + 1. Let u be 4/10 - (-6)/10. Let p be a(u). Suppose 2*o = 3*z - 8*z + 20, -2*z = o - p. List the prime factors of z.
2
Suppose -5*k + 3*k - 2 = 0. Let f(z) = 3*z. Let j(g) = g + 1. Let s(h) = k*f(h) + 4*j(h). List the prime factors of s(5).
3
Let h be (36/(-1))/(15/140). What are the prime factors of (-9)/15 - h/10?
3, 11
Let p(f) = f**3 - 4*f - 9. List the prime factors of p(5).
2, 3
Suppose -424 = -6*m + 560. List the prime factors of m.
2, 41
Let r = -6 + 8. Let s(f) = f**2 - f + 1. Let m be s(r). List the prime factors of (-7 - -8) + m*4.
13
Let r(i) = i**2 - 10*i - 8. Let j be r(11). Let u be 2/2*3/j. What are the prime factors of 18/(-2)*(-2 + u)?
3
Let h = 3 - -2. Suppose 0 = v - h*v + 32. List the prime factors of v.
2
Suppose -4*q + 2*g = -2*g - 4, -5 = -5*g. Suppose q*u = -u + 18. Let f = u + 17. What are the prime factors of f?
23
Let g(b) = b**3 - 8*b**2 + 4*b - 5. Let d be g(7). Let z = -116 - -79. Let u = d - z. List the prime factors of u.
11
Suppose 5*q + 23 = -i, 9 + 12 = -3*i - 3*q. Let a(k) = -8*k - 3. What are the prime factors of a(i)?
3, 7
Let s = -442 - -654. List the prime factors of s/7 - 6/21.
2, 3, 5
Let s(z) = -25*z - 1. Let o be 12/18 + (-10)/6. Let p be s(o). List the prime factors of 43/4 - (-6)/p.
11
Suppose 0 = -4*r - 0*g + 5*g + 1129, -3*r = -g - 855. What are the prime factors of r?
2, 11, 13
Let w be 4/14 + (-4)/14. Let l be 0 + w + (2 - -3). Suppose 0 = l*p - 65 - 35. List the prime factors of p.
2, 5
Let b(z) be the third derivative of z**6/120 - z**5/30 - z**4/12 - z**3/6 + 2*z**2. List the prime factors of b(4).
23
Suppose b - 4 = -5*n + 119, -3*b = -n - 401. What are the prime factors of b?
7, 19
Let d = 117 + -69. List the prime factors of d.
2, 3
Let y = 42 - 109. Let n = y - -96. What are the prime factors of n?
29
Suppose -4*s - 5*n - 23 = -4, -5*n - 10 = -5*s. What are the prime factors of s + (-3 + 6 - -24)?
2, 13
Let a be 6/(3/8 + 0). Suppose 0 = 4*y + 13 - 109. Suppose -4*t = -a - y. What are the prime factors of t?
2, 5
Let o(f) = -3*f + 17. Let p be o(9). Let v(g) = -g**2 - 14*g - 4. What are the prime factors of v(p)?
2, 3
Let y = 2 + -4. Let p be ((-16)/y - 2) + 0. Let r = p + 5. What are the prime factors of r?
11
Suppose -7 = -m + 2. List the prime factors of m - (-3)/((-3)/2).
7
Suppose 4*w - h = 7, -3*w + 3*h = h - 9. Suppose 6*i + i + 7 = 0. Let a = w - i. What are the prime factors of a?
2
Suppose -20 - 46 = -3*r. List the prime factors of r.
2, 11
Let x(u) = -u**3 - 9*u**2 + 3*u - 11. Let b(l) = -l**3 - 10*l**2 + 4*l - 10. Let z(d) = 2*b(d) - 3*x(d). What are the prime factors of z(-7)?
2, 5
List the prime factors of ((-1)/2)/(6/(-1368)).
2, 3, 19
Let i be (12/9)/((-2)/(-3)). Let z = 24 - i. What are the prime factors of 1 + z + (-2)/1?
3, 7
Let n(p) = -6*p + 2. Suppose -4*o = -10*w + 5*w + 28, -o - 6 = -w. Let g(t) = -t**3 + 3*t**2 + 4*t - 2. Let x be g(w). List the prime factors of n(x).
2, 7
Let w be 2/6*0 + 6. List the prime factors of 135/w + 3/(-2).
3, 7
List the prime factors of 162/3 - 6/(-3).
2, 7
Suppose -w + 5*t + 8 = -2*w, t = -3*w + 46. Let q = 10 + w. Let v = -17 + q. List the prime factors of v.
2, 5
Suppose -3*g + 5*q - 21 = 0, 6*q = g + 3*q + 3. List the prime factors of 5/(-2)*g/10.
3
Let k = 24 - 3. Suppose -3*l = -5*h + 31 + 5, -2*l - k = -3*h. What are the prime factors of h?
3
Let k(l) be the first derivative of -l**2/2 + 7*l + 4. Let y be 1*-2 - (0 + -2). List the prime factors of k(y).
7
Let t be 3/2 - 33/2. Let z = -8 - t. What are the prime factors of z?
7
Suppose -13 = -4*d - s, 0 = -3*s - 7 - 2. Suppose 72 = d*f - f. List the prime factors of f.
2, 3
Let g = 315 - 215. List the prime factors of g.
2, 5
Let d(j) = -5*j + 2. Let p(n) = 3*n + 1. Let k be p(1). Let h be d(k). Let z = 26 + h. What are the prime factors of z?
2
What are the prime factors of 1617/14 - (-3)/(-2)?
2, 3, 19
Let y be 5/10 + 19/2. Suppose -3*q = y - 52. List the prime factors of q.
2, 7
Suppose -5*i + v = -2*v - 170, 0 = -v + 5. Suppose 2*t = -m + 33, -t = 2*m - 35 - i. List the prime factors of m.
37
Let n(g) = g - 5. Let x(l) = 4 + 5 - 2*l + 6 - 2*l. Let w(d) = 8*n(d) + 3*x(d). List the prime factors of w(-4).
3, 7
Let p be (42/28)/(1/12). What are the prime factors of (-4)/(-8)*(p - 0)?
3
What are the prime factors of (979 + -1)*1/3?
2, 163
Let n = 4 + -2. Suppose 0 = -n*f + 5*f - 2*w - 62, 0 = -f + 4*w + 34. Suppose 2*r + 2*p - f = 0, 0 = r + 4*p + p - 1. List the prime factors of r.
11
Suppose 5*a + 5*l - 190 = 0, 5*a - 198 + 8 = l. What are the prime factors of a?
2, 19
Let u(t) = t**2 - t + 3. Let r be u(0). Suppose 78 + 33 = r*m + c, 0 = m - 4*c - 50. Suppose 5*z = z + 3*w + m, 5*z - 50 = 5*w. List the prime factors of z.
2
Let y(n) = n**2 - 7*n - 7. Let u be y(8). Suppose 3*m + 5 + u = -z, 0 = 5*z + m + 16. Let p = 10 - z. What are the prime factors of p?
13
Let b(n) = -n + 4. List the prime factors of b(2).
2
Let u(h) = h**2 + 9*h + 2. What are the prime factors of u(-12)?
2, 19
Let x = 8 - 6. Suppose 3*c + x*j = 0, 3*j = 3*c + j - 12. Suppose 9 = i - c. What are the prime factors of i?
11
Let d(y) = -y - 1. Let g(z) = 3*z + 12. Let o(h) = -4*d(h) - g(h). Let l be o(-7). Let u = -4 - l. What are the prime factors of u?
11
List the prime factors of (-26 - 1)*(4 + -5).
3
Let l(a) = -a**2 + 9*a - 2. Let y be l(7). Let v(z) = z - 3 + y + 9 - 5. What are the prime factors of v(-6)?
7
List the prime factors of (-2 + 1)*119/(-7).
17
Let p be -7*(8/(-7) - -2). Let c(u) = u**2 + 11*u - 5. Let i(x) = -3*x**2 - 32*x + 15. Let n(a) = 11*c(a) + 4*i(a). List the prime factors of n(p).
11
Let d(o) = 223*o**3. What are the prime factors of d(1)?
223
Let g(f) = -f + 4. Let c be 5/((-2)/(-1) + -1). Let y be (-17)/c - (-8)/20. What are the prime factors of g(y)?
7
Let b(h) be the third derivative of h**4/24 + h**3/2 - 3*h**2. Let k be b(0). What are the prime factors of 16 - (k - 3) - 0?
2
Let g = -4 - -23. What are the prime factors of g?
19
Suppose 2*y + 5 = 4*u - 3, -2*y = -u - 7. Suppose y = -0*w - w. What are the prime factors of (-20)/(-3)*(-9)/w?
2, 5
Suppose 5*i - 231 = -3*q, 0 = 5*q - 10*i + 8*i - 354. List the prime factors of q.
2, 3
Let c(x) = -x**3 - 6*x**2 - x - 2. Let b be c(-6). List the prime factors of 2/b - (-75)/2.
2, 19
Suppose 0 = -y + 6*y - 95. Suppose -3*j - y + 106 = 0. What are the prime factors of j?
29
Suppose -186 = -6*y + 174. What are the prime factors of y?
2, 3, 5
Suppose 3*f - 2*f - 4*y = 16, 0 = -2*y - 6. Let x(j) = -2*j - j - 1 - j - f*j. List the prime factors of x(-2).
3, 5
Suppose 4*g + 108 = q, 0 = -2*q - g + 232 + 29. List the prime factors of q.
2
Let k(m) = m + 11. Let v be k(-8). Suppose 4*g - h - 3*h = 28, -4*g + 27 = -v*h. List the prime factors of g.
2, 3
Let w(h) = -4*h + 3. Let a be -4*(-3)/(-6) + -4. Let z be w(a). Let u = 41 - z. What are the prime factors of u?
2, 7
Suppose 3*a + 48 = -0*a. Let m = 31 + a. What are the prime factors of m?
3, 5
Let i = 9 + 19. What are the prime factors of (-2)/((i/(-64))/7)?
2
Suppose 0 = -z + 4*z - 3. Let t = z + 4. Suppose 0 = -j - j + t*q - 2, j = 4*q - 7. What are the prime factors of j?
3
Let w = 29 + -21. Suppose -w*m + 20 = -4*m. List the prime factors of m*-4*1*-1.
2, 5
Suppose -3*u - 74 = -5*u. List the prime factors of u.
37
Let y be (146/4)/((-2)/4). Let b be y/(-3) - 1/3. Suppose s + b = 4*s. List the prime factors of s.
2
Let m = 10 + -10. Suppose o = -m*o + 29. What are the prime factors of o?
29
Let v(t) = t**2 - 4*t + 4. Let z be v(3). Suppose -2*n - 5 + z = 0. What are the prime factors of (10/(-15))/(n/33)?
11
Suppose -4*n = -n - 12. Suppose n*x = 110 - 22. What are the prime factors of x?
2, 11
Suppose 2*l + 292 = -2*s + 4*s, -2*s - 3*l = -267. What are the prime factors of s?
3, 47
Let r = 28 + -12. Let i = r - -23. List the prime factors of i.
3, 13
Let t = 698 + -325. List the prime factors of t.
373
Let b be (-1 - -1) + 1 - 7. Let a(w) = -14*w**2 - 13*w. Let n(m) = -5*m**2 - 4*m. Let c(z) = 4*a(z) - 11*n(z). List the prime factors of c(b).
2, 3
Suppose g + 3*i + 10 = 0, 0 = -5*g - i - 3 - 5. Let x(b) = b**2 + 1. List the prime factors of x(g).
2
List the prime factors of 172/6 - (-1)/3